 x(o).
-7
Let u(w) = -3*w. Let z(k) = k + 2. Let r be z(-3). Give u(r).
3
Let g = 64 + -64. Let o be 1 - (-2 + 1)*2. Let w(n) = n**2 + n**o - 5 - 4 - 2*n**2. What is w(g)?
-9
Let h(y) = -y + 7. Let r(i) = -2*i + 15. Let j(c) = 13*h(c) - 6*r(c). Calculate j(4).
-3
Let m(l) = -l + 1. Let i(d) = d**2 - 9*d + 10. Let g be i(8). Suppose -g*y - 6 = -w - 3, w = -y. What is m(y)?
2
Let i(o) = o. Let g be i(1). Let x = -4 + g. Let f(k) = k**2 + 3*k - 1. Give f(x).
-1
Let a(h) = -3*h - 4. Suppose 30 = -5*u + 5*l, -3*l = -8*u + 3*u - 30. Let k(d) = 2*d + 9. Let g be k(u). Determine a(g).
5
Let k(q) = 7*q**3 + 4*q**2 + 4*q - 9. Let v(p) = 4*p**3 + 3*p**2 + 2*p - 5. Let o(i) = -3*k(i) + 5*v(i). Let f = -5 + 7. Give o(f).
2
Suppose 0 - 12 = -3*c. Let s be (-2)/6 + 246/(-18). Let k be (-20)/(-28) - c/s. Let f(y) = y**2 - 2*y + 1. What is f(k)?
0
Let k(v) = v - 3. Let r(o) = 2*o - 7. Let p(n) = 7*k(n) - 4*r(n). What is p(-6)?
13
Let z(k) = -5*k**2 - k + 6. Let h(x) = 9*x**2 + x - 11. Suppose 2*y + 12 = -y. Let a(o) = y*h(o) - 7*z(o). What is a(4)?
-2
Let f(y) be the second derivative of 2*y**3/3 - 4*y. Determine f(3).
12
Let l(x) = -2*x**2 + 25*x - 1. Let t(r) = r**2 - 13*r. Let a be (-2)/12 + 315/(-54). Let g(s) = a*l(s) - 11*t(s). Let d be 12/14*(2 + 5). Determine g(d).
0
Let z be (9/(-36))/(2/(-8)). Let c(b) = -11*b + 1. What is c(z)?
-10
Suppose 0 = -2*t + 6*t - 28. Let g(x) = -x**2 + 6*x. What is g(t)?
-7
Let i(x) = -1. Let v(a) = -a + 5. Let w(g) = -6*i(g) - v(g). Give w(8).
9
Let b(k) = -k + 4. Let p(z) = z + 13. Let a be p(0). Let d = a - 8. Calculate b(d).
-1
Let r(k) = 2*k**2 + 9*k + 2. Let d(f) = -5*f**2 - 26*f - 5. Let n(i) = 3*d(i) + 8*r(i). Let m(x) be the first derivative of n(x). What is m(5)?
4
Let k(i) be the second derivative of i**5/10 - i**4/6 - i**3/2 + 3*i**2/2 + 11*i. What is k(2)?
5
Let i = 7 - 4. Let n be (-2)/(-6)*(-3 - -9). Let q(f) = -4*f**n + 2 + 2*f**2 - 3 - 3*f + 4*f**2. Determine q(i).
8
Let v(a) = -a**3 - 5*a + 0*a**2 - 5 - 3*a**2 - 3*a**2. Determine v(-5).
-5
Let r(u) = 4*u + 7*u**3 - u**2 + 2 - 3 - 3*u. Suppose 6 = 5*c - 2*c. Let b be (c/(-2))/(-4 + 3). Give r(b).
6
Suppose 6*k + 4 + 2 = 0. Let r(l) = 5*l + 1. Calculate r(k).
-4
Let i(m) = m**3 - m**2 - m - 6. Let c be 5/(-4) + (-95)/(-76). What is i(c)?
-6
Suppose 0*p = -i + 4*p, 0 = -4*i + p. Let y = i + 2. Let c(t) be the first derivative of t**4/2 - t**3 + 38. Calculate c(y).
4
Let q(z) = -2*z + 1. Let n(l) = -2*l**3. Let a be n(-1). Let m be 1/a - 15/6. Let p = 1 + m. What is q(p)?
3
Let u(m) = -m**2 - m + 1. Let r(y) = y + 1. Let l be r(-1). Determine u(l).
1
Suppose 0 = g - 1 + 3. Let z be g*2/(-2)*2. Let t(f) = -f**2 + 4*f - 3. Give t(z).
-3
Let z = -12 + 17. Suppose 5*d + 4*c - 7 = 0, -z*d - c - 11 = -3*c. Let f(y) = -4*y**3 + y**2. What is f(d)?
5
Let o(l) = -11*l**3 + l**2 - 11*l - 9. Let s(t) = 5*t**3 + 5*t + 4. Let n(b) = -4*o(b) - 9*s(b). What is n(-2)?
-6
Suppose m - f = -1, m - f = -2*m - 3. Let t(k) = 22*k**3. What is t(m)?
-22
Let s = -32 - -33. Let z be -2 - -2 - (-1 + -1). Let j(v) = -2*v + v + z*v**2 - 9*v**2. What is j(s)?
-8
Let b(d) = d**3 + 19*d**2 + 19*d + 17. Let r be b(-18). Let u(o) = -16*o**2 + o. Give u(r).
-17
Let y(o) = -o**3 - 3. Let p(f) = -f**2 - 27*f - 50. Let t be p(-25). What is y(t)?
-3
Let a(v) = 3*v**2 - v. Let h be a(-1). Let k(y) = 8*y**2 + y - 2 - 1 + h. Let n be -1 + 0*(-3)/(-6). Calculate k(n).
8
Let l be 4/(-28) + (-16)/(-14). Let r(a) = -6*a - 1. Give r(l).
-7
Let q(v) = v**3 + 7*v**2 + 3*v + 2. Let i be q(-6). Suppose t - 5*b + i = 2*t, -t - 20 = -3*b. Let u(k) = k**3 + 4*k**2 - 5*k - 4. Give u(t).
-4
Let t be (-16 - 2)/9 - (-11)/(-1). Let o(r) = -r**3 - 13*r**2 - 1. Calculate o(t).
-1
Let w(o) = o - 1. Let q(k) = k. Let x be q(4). What is w(x)?
3
Let w(l) = 2*l**2 + 3*l - 4. Let a be (-1)/(18/45 - 6/40). Give w(a).
16
Suppose -4*r - 1 = -33. Let i(j) = -2*j + 10. Calculate i(r).
-6
Let k = 9 - 6. Let d(h) = -33*h - 31*h + 100*h - 38*h. Determine d(k).
-6
Let k = -1 + 3. Let v(t) = t**2 + t - 2. Let d be v(k). Let z(l) = -3*l**2 + 4*l + 3. Let n(p) = -10*p**2 + 13*p + 9. Let j(q) = -2*n(q) + 7*z(q). Give j(d).
-5
Suppose z + 20 = -l - 3*l, -z = 0. Let g(n) = -n**2 + 6 + 4*n - 5*n - 2*n. What is g(l)?
-4
Suppose 0 = -h + 2*m - 4, 3*h + 12 = -2*h + 2*m. Let r(x) = -3*x - 1. What is r(h)?
5
Let u(i) = 2*i**3 - i**2 + 2*i. Let t(h) = -h**3 + h**2 + 1. Let a(d) = 3*t(d) + u(d). Let q = -1 - -8. Let s = q + -4. What is a(s)?
0
Let c(r) = 7*r + 1. Let p(x) = 35*x + 5. Let f(y) = -11*c(y) + 2*p(y). Suppose -k - 15 = 3*u, 3*u - 8*k + 3*k = 3. Let q be 5/(-3) + u/(-6). What is f(q)?
6
Let a(z) = 0*z**2 + 14 + z**2 + 0*z**2 - z**3. Calculate a(0).
14
Let b(l) = l**2 - 3*l - 8. Let v(w) = -w - 1. Let j(k) = b(k) - 6*v(k). Determine j(-3).
-2
Let o(m) = -4*m + 3*m + 3 - 1. Give o(-2).
4
Let a(y) = -12*y - 1. Let o be (-1)/2*(-1 - 17). Let h be 30/o - 4/(-6). Let z be 2/(-4) - h/8. Determine a(z).
11
Let c(r) = 2*r**2 - 40*r - 6. Let j be c(20). Let o(z) = -z**3 - 7*z**2 - 10*z - 7. Determine o(j).
17
Let c(g) = g**3 - 10*g**2 + 9*g - 3. Let j be c(9). Let w(p) be the third derivative of -p**6/120 - p**5/15 - p**4/12 + p**3/2 - 14*p**2. Calculate w(j).
0
Suppose 0 = -7*a + 10*a + 9. Let b(w) = -w**3 - 4*w**2 - 2*w - 2. What is b(a)?
-5
Let y(h) = -h + 8. Let s be y(6). Let i(j) = 2*j - 3. Let f(b) = 6*b - 9. Let p(t) = -3*f(t) + 8*i(t). What is p(s)?
-1
Let f(j) be the third derivative of -2*j**2 + 0*j + 0 - j**3 - 1/60*j**5 - 1/4*j**4. Let s = -2 + -3. Determine f(s).
-1
Let f be 16/((-8)/2) + 4. Let p(h) be the third derivative of f*h - 1/30*h**5 + 0 - 4*h**2 + 0*h**4 + 0*h**3 - 1/120*h**6. What is p(-2)?
0
Let i(q) = -2*q + 4. Suppose 2*y + 2*y - 16 = 0, -4*y + 48 = 2*s. Suppose 0 = -r - 4*b - b + s, -b = -r - 2. Let m be (-2)/(r - 9/6). What is i(m)?
-4
Suppose 0 = m - 7 + 5. Let p(j) = -m*j - j**2 - j + 7*j - j. Calculate p(4).
-4
Let u(h) = -h + 3. Let g be u(2). Let v(n) = -3*n + 1. Calculate v(g).
-2
Let t(n) = n**2 + 6*n + 1. Suppose -2*p = -3*p - 4. Calculate t(p).
-7
Let i(z) be the third derivative of z**6/120 - z**5/15 - z**4/12 + z**3/3 + 23*z**2. Give i(3).
-13
Let b(w) = -w**3 - w**2 - 5. Suppose 2*k + 2*k - 12 = 5*c, -k + 2*c + 3 = 0. Suppose k*d = 4*d. Give b(d).
-5
Let z(y) = y + 7. Let i be (-20)/25*(-5 + 0). Suppose -6 = 2*j, -i*p + 5*j = -0*j - 3. Calculate z(p).
4
Let j(s) = 6*s**2 + 5*s - 5. Let r(f) = 5*f**2 + 4*f - 4. Let t(o) = 4*j(o) - 5*r(o). Let n be 1/(-4) + (-5)/(-4). Let y be n + 0 + -2 + 0. What is t(y)?
-1
Let k(m) = 6*m - 5 + 4*m + 4. Suppose -3*q + 25 - 10 = 0. Let f(x) = x - 4. Let g be f(q). Determine k(g).
9
Let b(p) = -2*p**2 + p + 1. Suppose 5*n = -o + 8, -4*n + 3*o = 7*o. Let z be b(n). Let f(g) = g**3 + 6*g**2 + 5*g + 7. Calculate f(z).
7
Let b = 18 + -11. Let f(u) = 2 + 2*u**2 - u**2 - 6*u + b*u - 3*u. Calculate f(4).
10
Let p(x) = 2*x + 1. Let c(k) = 1. Let o(w) = -5*c(w) - p(w). Let a be ((-12)/(-9))/(3/9). Suppose 0 = a*y + 2*s + 22, 4*y - y = -3*s - 21. What is o(y)?
2
Let c(b) = b**3 - 5*b**2 + 5*b + 2. Let w(l) = l**3 - 13*l**2 - l + 17. Let q(p) = p**3 + 4*p**2 - p + 1. Let o be q(-3). Let m be w(o). What is c(m)?
6
Suppose 32 = -4*k - 2*t - 2*t, 28 = -5*k - 2*t. Let m(g) be the third derivative of g**5/60 + g**4/12 - 2*g**3/3 - 2*g**2. What is m(k)?
4
Let g(i) = -i**2 - i - 1. Let j = 9 + -6. Suppose -2*r = j*r - 100. Suppose 5*x + r = -0*v + 5*v, 0 = 3*x - 2*v + 11. Calculate g(x).
-7
Let d(v) be the second derivative of v**8/6720 - v**7/2520 + v**6/720 - v**4/6 + v. Let c(p) be the third derivative of d(p). Let y = 5 - 4. Determine c(y).
1
Suppose -3*s = 3*q - 12, -q - 4 = 5*s - 16. Let y(m) = -q - 1 - m**2 + 1 - 6*m. Let i be 5*(5 - -1)*4/(-30). Give y(i).
6
Let n be 3/1*8/6. Suppose -4*p + 7*m + 24 = 3*m, 3*m + 20 = n*p. Let w(c) = -c - 1 - c**3 + c - c + c**p. What is w(-1)?
2
Let r(z) be the first derivative of z**2/2 + z + 34. What is r(8)?
9
Let f(i) = 2*i**2 - 13*i - 9. Let r(o) = o**2 - 7*o - 5. Let a(b) = 4*f(b) - 7*r(b). Calculate a(4).
3
Suppose 16 = -3*a + 4. Let b = -6 - a. Let x(r) = 2*r + 0 + r**3 - 3*r - 2 + 1. Calculate x(b).
-7
Let j(k) be the second derivative of -1/6*k**3 + 2*k + 0 + 1/2*k**2. Let p = 7 + -3. Determine j(p).
-3
Suppose -z - 3*z + 41 = 3*b, 50 